t is -11 - 111321?
-111332
In base 12, what is 0 + 3b?
3b
In base 14, what is -3 - 4d2?
-4d5
In base 16, what is 36 - -8?
3e
In base 5, what is -14 + 1032?
1013
In base 14, what is -1 + -63?
-64
In base 4, what is 2333 - -2?
3001
In base 7, what is -1331 + 66?
-1232
In base 5, what is -10101 - -3?
-10043
In base 6, what is -105 - -24?
-41
In base 9, what is 3 + 131?
134
In base 3, what is -10102 + -212?
-11021
In base 5, what is 413 - 4?
404
In base 6, what is 5 - 41?
-32
In base 13, what is 1b1 + -17?
197
In base 11, what is -1 - -8?
7
In base 16, what is -6 - -1b?
15
In base 9, what is -2 - 2?
-4
In base 9, what is -176 - -6?
-170
In base 5, what is 3031343 - 1?
3031342
In base 4, what is 11 + -201?
-130
In base 9, what is 2 - -1268?
1271
In base 7, what is 4421 - -3?
4424
In base 2, what is 1110011 + 1010?
1111101
In base 3, what is 2 + -1001?
-222
In base 3, what is -12 + -212?
-1001
In base 14, what is a - 9d?
-93
In base 8, what is 0 + 147?
147
In base 6, what is -534 + 4?
-530
In base 6, what is 2 - 43?
-41
In base 5, what is -3034 + -1?
-3040
In base 6, what is -21231 + -3?
-21234
In base 12, what is -319 + -2?
-31b
In base 14, what is 5 - 104?
-dd
In base 8, what is 4 + -131?
-125
In base 13, what is -9 - 27?
-33
In base 3, what is -1012012121 - 0?
-1012012121
In base 4, what is 23 - 120001?
-113312
In base 8, what is -665 - 2?
-667
In base 4, what is 10 - 1102322?
-1102312
In base 5, what is 13 - -1044?
1112
In base 3, what is 11 + -12202?
-12121
In base 4, what is 20023 - -1?
20030
In base 2, what is 111101 - 0?
111101
In base 13, what is -5 - -1b7?
1b2
In base 7, what is -135 - -12?
-123
In base 15, what is -1 - -e?
d
In base 11, what is -22 + -7?
-29
In base 15, what is 3 - -e9?
ec
In base 3, what is 1111 - -1?
1112
In base 14, what is 4 - -42?
46
In base 4, what is 10 - -11010?
11020
In base 4, what is 10 - 2102?
-2032
In base 9, what is 5 - 3703?
-3687
In base 5, what is -123323 - -2?
-123321
In base 14, what is 6 - -5b?
63
In base 13, what is 17 - a?
a
In base 13, what is 12 - -a?
1c
In base 15, what is -18 + -12?
-2a
In base 8, what is 100 + 64?
164
In base 16, what is 2 - -1155?
1157
In base 14, what is -3d - -6?
-37
In base 5, what is 2 - 121421?
-121414
In base 16, what is 356 + 4?
35a
In base 14, what is -30 - 2?
-32
In base 10, what is -1769 + 1?
-1768
In base 15, what is ca2 - 3?
c9e
In base 13, what is 10 + 28?
38
In base 7, what is -1 - 1420?
-1421
In base 13, what is -4 - -110c?
1108
In base 12, what is -4a4 - -11?
-493
In base 6, what is -3 - -130?
123
In base 13, what is 31 - -2a8?
309
In base 2, what is -1000010 - 111?
-1001001
In base 14, what is -77 + -5?
-7c
In base 6, what is -12552 + -3?
-12555
In base 8, what is 217 + 6?
225
In base 10, what is 1 - -15?
16
In base 12, what is -6 + -79a?
-7a4
In base 2, what is 1 - 1010010010?
-1010010001
In base 8, what is 45 + -4?
41
In base 13, what is -2 - -1ab?
1a9
In base 16, what is -b40 + 1?
-b3f
In base 3, what is 10 - 1021?
-1011
In base 12, what is -9 + -a?
-17
In base 12, what is -425 + 1?
-424
In base 4, what is 1333211 - -1?
1333212
In base 2, what is -101 - -110011100?
110010111
In base 11, what is 9 - 19a?
-191
In base 14, what is -130 - 1a?
-14a
In base 12, what is -2 - 41?
-43
In base 2, what is 10111 + -100?
10011
In base 13, what is 5a - -13?
70
In base 12, what is 9 - -b1?
ba
In base 15, what is 3 + 650?
653
In base 2, what is 1100101000 - -10?
1100101010
In base 3, what is -1010020 + -2?
-1010022
In base 15, what is -91 - -4?
-8c
In base 9, what is -47 - -587?
540
In base 10, what is 11 - -22?
33
In base 10, what is 3 - 36?
-33
In base 13, what is -24 + a4?
80
In base 16, what is 14f + 1?
150
In base 15, what is -6 - -8?
2
In base 15, what is -13 - 1?
-14
In base 12, what is -135 + 9?
-128
In base 2, what is -11100101 - 11?
-11101000
In base 2, what is -10 + -101101101?
-101101111
In base 13, what is -5 + b8?
b3
In base 11, what is a7 + -17?
90
In base 2, what is -101 + 1010001?
1001100
In base 4, what is -22 + -3330?
-10012
In base 6, what is -1423 + -4?
-1431
In base 13, what is 4 - -31?
35
In base 15, what is 28 + 5?
2d
In base 3, what is -200 + 2001?
1101
In base 14, what is -6 - 17?
-1d
In base 16, what is 2 + -1f?
-1d
In base 5, what is 13402 - 0?
13402
In base 11, what is 191 + 51?
232
In base 4, what is -12 + 33?
21
In base 16, what is 2 - -32c?
32e
In base 5, what is 2432 + -13?
2414
In base 12, what is -378 + -2?
-37a
In base 7, what is 134 + -1?
133
In base 12, what is 43 - 4?
3b
In base 3, what is 20102 - 2?
20100
In base 12, what is -9 - -210a?
2101
In base 9, what is -2231 + 4?
-2226
In base 12, what is -1648 - 1?
-1649
In base 5, what is 22002 - -10?
22012
In base 5, what is 0 + -40?
-40
In base 6, what is 0 - -12?
12
In base 6, what is 104 + -12?
52
In base 4, what is 22102 - 0?
22102
In base 9, what is 5 - 57?
-52
In base 3, what is 0 - 222011?
-222011
In base 12, what is 3 - 10?
-9
In base 11, what is 1 + -66?
-65
In base 14, what is -2 - -139?
137
In base 6, what is 5122 + 15?
5141
In base 12, what is 4b - 33?
18
In base 6, what is 41 + 3?
44
In base 4, what is 1131 - 121?
1010
In base 14, what is 3 - da?
-d7
In base 8, what is 3 + 406?
411
In base 16, what is 17 - -1a2?
1b9
In base 2, what is 101 - -1001101110011?
1001101111000
In base 14, what is 4 - 3c9?
-3c5
In base 14, what is 82 - -3?
85
In base 10, what is 1 - 474?
-473
In base 5, what is 0 - 1021?
-1021
In base 11, what is 0 + -913?
-913
In base 12, what is -7 + -100?
-107
In base 5, what is 12 + 311?
323
In base 9, what is -253 - 3?
-256
In base 5, what is -244 + -13?
-312
In base 16, what is 53 + 11?
64
In base 15, what is -5 - -b5e?
b59
In base 10, what is 8958 - -4?
8962
In base 12, what is 4 - 81?
-79
In base 16, what is 1d + 19?
36
In base 10, what is 0 - -382?
382
In base 11, what is -13 + 140?
128
In base 2, what is 10 - -1011?
1101
In base 12, what is -3a - 5?
-43
In base 14, what is -333 - 1?
-334
In base 4, what is -211 - -2212?
2001
In base 15, what is 0 + -c?
-c
In base 10, what is 318 + -2?
316
In base 14, what is 132 - -14?
146
In base 4, what is -3102 + -122?
-3230
In base 10, what is -6632 + -3?
-6635
In base 12, what is 1b6 + 3?
1b9
In base 6, what is 0 - 1202?
-1202
In base 14, what is 2 - -cd4?
cd6
In base 16, what is 2 + -43?
-41
In base 8, what is 134 + -245?
-111
In base 15, what is 32 - -1a?
4c
In base 4, what is -12 - -12211?
12133
In base 3, what is 11121221 - 11?
11121210
In base 9, what is 1110 - 4?
1105
In base 4, what is -2 - 3?
-11
In base 9, what is 23664 + 5?
23670
In base 6, what is 110 + -13?
53
In base 11, what is 11 + -449?
-438
In base 4, what is -3 - -30?
21
In base 11, what is -29 - 124?
-152
In base 9, what is 3 + 52?
55
In base 9, what is 18 + 3?
22
In base 15, what is 50d9 + -3?
50d6
In base 14, what is -5 + 74?
6d
In base 16, what is -271 - b?
-27c
In base 14, what is -1 + 8?
7
In base 8, what is 0 + 12?
12
In base 16, what is 8 - 41?
-39
In base 6, what is 2 - -2100?
2102
In base 16, what is 1d + -f?
e
In base 14, what is -24d - -5?
-248
In base 6, what is 42425 + 5?
42434
In base 12, what is -1718 + 3?
-1715
In base 4, what is 112031 - 12?
112013
In base 12, what is 2 - 26b4?
-26b2
In base 14, what is -1 - 420?
-421
In base 14, what is 3d + -1?
3c
In base 15, what is 18 - 25?
-c
In base 7, what is 4 + 162?
166
In base 3, what is -21 + 12211?
12120
In base 2, what is 1110001110 + 10?
1110010000
In base 14, what is 4 - 249?
-245
In base 12, what is -2 - 106?
-108
In base 14, what is -83 + 2?
-81
In base 3, what is -110122 + 2?
-110120
In base 5, what is 323 - 40?
233
In base 16, what is 38 + -23?
15
In base 11, what is -573 - 4?
-577
In base 5, what is -132 + 21?
-111
In base 12, what is -17 - -320?
305
In base 6, what is -11 - -304?
253
In base 13, what is 3b - -1?
3c
In base 12, what is a220 + -1?
a21b
In base 6, what is 115 - 2?
113
In base 7, what is 0 + 31?
31
In base 11, what is -133 + 5?
-129
In base 6, what is 402 + 0?
402
In base 13, what is 5 - -31?
36
In base 4, what is 2000 + 2?
2002
In base 10, what is 3 - 173?
-170
In base 10, what is 0 - 382?
-382
In base 7, what is -3044 - -1?
-3043
In base 9, what is -6 - -134?
127
In base 12, what is 36 + -22a?
-1b4
In base 14, what is 8 + 26d?
277
In base 8, what is 424 - 0?
424